st common divisor of f and o.
3
Let d(g) = 2*g**3 + 62*g**2 - 63*g + 34. Let n be d(-32). What is the highest common divisor of 166 and n?
2
Suppose 793789*b - 793773*b = 512. Let d be 224/(2*(-2)/(-4)). Calculate the greatest common factor of d and b.
32
Suppose 10555*i - 144 = 10552*i. Calculate the highest common divisor of i and 492.
12
Let u be (639/(-15))/((-3)/5)*16. Calculate the greatest common divisor of u and 1633.
71
Let q be ((-16)/12)/(4/(-324)). Suppose -2*f = 3*i - q, -7*i = 4*f - 8*i - 202. Calculate the highest common divisor of f and 34.
17
Suppose 2*b + 2*a - 106 = 0, a + 10 = 3*a. Let g = 89 - 65. Suppose g*y - 72 = 18*y. What is the greatest common factor of y and b?
12
Suppose 18*o - 9398 - 2536 = 0. Let h(y) = y**3 + 7*y**2 + 3. Let q be h(-6). Calculate the greatest common divisor of o and q.
39
Let t = 13782 - 12970. Calculate the highest common factor of t and 56.
28
Let b(x) = -x**3 + x**2 - 2*x - 6. Let y be b(0). Let v = -2 - y. Suppose s + 5*t = 22, -5*s = v*t - 0*t - 110. What is the greatest common divisor of 11 and s?
11
Suppose -1 = -g + 9 - 0. Calculate the highest common factor of 2115 and g.
5
Suppose -39*c + 4282 + 5390 = -12558. Calculate the highest common factor of c and 260.
10
Let t = -2 + 12. Let l be (-320)/8*(3 + -10 + 6). Suppose -z = 3*u - 10, -6*u + l = 4*z - u. Calculate the highest common factor of t and z.
10
Let z = -22582 - -22583. Let v(r) = 24*r**2 - r. Let y be v(-1). What is the highest common divisor of z and y?
1
Suppose 0*f = -t + 2*f - 6, 4*f - 26 = -5*t. Let h be ((-5)/t)/((-239)/(-48) - 5). What is the highest common factor of h and 90?
30
Let i = -5203 + 5299. Calculate the greatest common factor of i and 328.
8
Let v(u) = 2*u**2 - 3*u - 6. Let y be v(-6). Suppose p = -4*q + y, -1 = 3*q - 2*q. Suppose 10*c - 132 = -2*c. What is the greatest common factor of p and c?
11
Let q be 2 + 9/(-3) - 500/5. Let a = q - -199. Calculate the highest common divisor of a and 14.
14
Let z be 0 - -1 - (-12 - -1). Let x = 19809 + -19797. What is the greatest common divisor of x and z?
12
Let f be (-145)/3*(2 + (-6)/(-6)). Let v = f - -166. Calculate the highest common divisor of 105 and v.
21
Let p = -284 - -449. Let o(l) = -l**3 + 19*l**2 + 38*l - 149. Let h be o(21). Let i = -218 - h. Calculate the highest common factor of i and p.
15
Let k(w) = -w**2 + 2*w + 28. Suppose -13*f + 10*f = -4*f. Let v be k(f). Suppose 7*l + v = 133. What is the greatest common divisor of l and 30?
15
Suppose 2*i + 132 = 5*z, -107*z - 32 = -108*z - i. Calculate the greatest common divisor of z and 3402.
14
Suppose -72 = -6*g - 6*g. Suppose g*c + 7 - 49 = 0. Let b be 1 + 1*92 - 21/c. Calculate the greatest common factor of 36 and b.
18
Suppose -2*m + 11 = -4*j + 21, -2*m - 2 = -3*j. Suppose 4*a = -3*g + 4277, -a + 0*a = -3*g - 1058. Calculate the highest common factor of m and a.
11
Suppose 4*h - 5*b = -21 - 9, 0 = -2*b + 4. Let z be (-2 - -12)/((35/(-7))/h). What is the greatest common factor of 160 and z?
10
Suppose -643*x + 123*x + 21924760 = 0. Calculate the highest common divisor of x and 11.
11
Let a(m) = -2*m**3 - 11*m**2 - m - 2. Let t be a(-6). Suppose 1 = w + t. Let k = w + 53. Calculate the highest common divisor of 7 and k.
7
Suppose 4*o = -2*u + 14, -62*o - 46 = -5*u - 61*o. What is the highest common factor of u and 657?
9
Suppose -2*i + 1110 - 294 = 0. Suppose i = -0*b + 34*b. Calculate the greatest common divisor of b and 56.
4
Suppose 37 = 12*b - 23. Let a be 25/2*72/b. Suppose 0 = -5*k + 14*k - a. What is the highest common factor of k and 10?
10
Let t(o) = o**2 + 79*o + 930. Let r be t(-65). Calculate the highest common divisor of 5620 and r.
20
Let i(r) = -13*r + 183. Let h be ((-6)/(-3))/((-6)/(-27)). Let u be i(h). Calculate the highest common divisor of 110 and u.
22
Suppose -14 = -5*y + 3*y - n, 3*y = -2*n + 20. Let l(s) = 0 + y*s - 26*s - 3. Let v be l(-3). Calculate the greatest common factor of v and 17.
17
Let p = -91 - -145. Suppose -5*x - p = -3*w + 18, -5*w - 3*x + 86 = 0. What is the greatest common divisor of 209 and w?
19
Let s = -197279 - -197284. Let i be (0 + -3)*35/(-3). Calculate the greatest common factor of i and s.
5
Let i(v) = 7*v**2 - 58*v + 16. Let z be i(8). Suppose z = 32*g - 37*g + 530. What is the highest common divisor of 689 and g?
53
Let k be 2/(-11) + (-310)/110 + 211. Suppose 6*a + k - 766 = 0. Calculate the highest common divisor of 31 and a.
31
Let x be 48/((-10)/(-32)*6/5). Let i = 31 - 3. Suppose 52 = 2*b + 3*g, -b + 3*g = 4*g - i. What is the greatest common factor of x and b?
32
Let n(x) = -148*x + 1711. Let z be n(10). Calculate the greatest common divisor of z and 24.
3
Let x = 6668 - 5676. Calculate the highest common factor of x and 96.
32
Suppose 0 = 3*g - 4*u - 11441, 4*g = 46*u - 50*u + 15264. Calculate the highest common divisor of 140 and g.
35
Let k(g) = 42*g - 1077. Let z be k(52). Calculate the highest common divisor of 164 and z.
41
Let y(b) = 4*b**3 + 4*b**2 - 7*b. Let r be y(2). Suppose 336 = -20*f + r*f. Calculate the highest common divisor of f and 24.
24
Suppose 0 = -u - 5*l + 10039, -3*u + 30182 = -1174*l + 1176*l. What is the greatest common factor of u and 518?
74
Let p be (27 - 12) + 14*3. Calculate the highest common divisor of p and 988.
19
Let t be (-27)/(-15) + (-40788)/(-515). Let j be -2 + 9 - (-2 + 2). Let v(m) = 5*m - 8. Let g be v(j). What is the greatest common divisor of g and t?
27
Suppose 5*j + 819 = -m, 2*j - 159 = 3*j - m. Let h = 196 + j. What is the greatest common divisor of 528 and h?
33
Suppose 2*f + 5*f - 4*f = 7*n - 6370, 0 = -2*f. Calculate the highest common divisor of n and 364.
182
Suppose -l + 1935 = 3*y, 0*y + 2*l = 3*y - 1926. Suppose -4*f - 4*t + 704 = 0, 4*t + 128 + 272 = 2*f. Calculate the greatest common factor of f and y.
92
Let x(j) = 67*j**3 - 17*j**2 + 126*j - 673. Let g be x(6). What is the highest common factor of 955 and g?
191
Let f(k) = 19*k**2 - 66 - 25*k**3 - k + 61 - 21*k**2. Let b be f(-2). What is the highest common factor of 14 and b?
7
Suppose n = 5*t + 667, -3*n = 2*t + 119 + 141. Suppose -33 = a + 4*m - 176, -167 = -a + 4*m. Let u = a + t. What is the highest common divisor of 176 and u?
22
Suppose -6*d + 76 + 8 = 0. Let h be -21*((-8)/d)/((-4)/(-6)). Suppose 0 = -8*w + 7*w + h. What is the highest common factor of 9 and w?
9
Suppose 0 = -4*v + 4246 + 1010. Calculate the highest common factor of v and 252.
18
Suppose 3 = -30*q + 31*q. Suppose q + 1 = g. Suppose 0 = -4*l - l - 4*w + 258, -282 = -5*l + g*w. Calculate the greatest common divisor of 36 and l.
18
Suppose -2*h + 5628 = -3*a, -4*h + 6031 = 4*a - 5165. What is the highest common factor of h and 110?
55
Let b(n) = -3*n**3 - 3*n**2 + 5*n - 23. Let p be b(-5). Suppose 23*x + p = 26*x. What is the highest common factor of x and 357?
21
Suppose 4*k - 44 = q, 5*q = 8*k - 13*k + 80. Calculate the highest common factor of 537 and k.
3
Suppose 0 = -5*v + 8 + 22. Suppose 3*o = 2*b - 6 - 5, 0 = 3*o - 15. Suppose b*g + 144 = 29*g. What is the greatest common factor of v and g?
3
Suppose 0 = 2*a + 2*g + g + 3, -3*a + 4*g = -21. Suppose 146 = a*o + 71. Calculate the greatest common divisor of 2 and o.
1
Let y(i) = 2*i**2 + 2*i - 1. Let w be y(1). Let c(h) = h**3 + 12*h**2 + 8*h + 99. Let q be c(-12). What is the greatest common divisor of q and w?
3
Suppose -57*d - 10040 = -60*d - 4*q, 5*d + 5*q - 16740 = 0. Calculate the greatest common divisor of 24 and d.
8
Let n(h) = 239*h + 8. Let j = -237 + 238. Let q be n(j). What is the greatest common factor of q and 13?
13
Let r(l) = -l**3 - 13*l**2 - 19*l - 11. Let g be r(-11). Let b be (-4)/(-44) - 2416/g. What is the highest common divisor of 15 and b?
5
Let m = 4916 - 4903. Calculate the highest common divisor of m and 949.
13
Let k be 313/(-7) - -1 - (-28)/(-98). Let n be 52/9 - (k/36 - -1). Let z be (-3 - 0)/(n/76*-2). What is the greatest common divisor of z and 133?
19
Let r = 53528 + -53491. Suppose -5*m + 4107 = -2*m - 3*x, -m - 5*x = -1369. Calculate the greatest common factor of r and m.
37
Let a be 2/(-8) + 507/156. Let j be a + 8/((-8)/(-9)). Calculate the greatest common divisor of j and 14.
2
Let s(y) = 64*y**2 + 98*y + 496. Let x be s(-6). Calculate the greatest common factor 